{"id":7,"date":"2024-12-16T15:39:40","date_gmt":"2024-12-16T15:39:40","guid":{"rendered":"https:\/\/dev.keys-studio.com\/?page_id=7"},"modified":"2025-11-26T13:58:46","modified_gmt":"2025-11-26T13:58:46","slug":"ks-lagence","status":"publish","type":"page","link":"https:\/\/keys-studio.com\/","title":{"rendered":"[KS] L&#8217;agence de communication confidentielle Paris \/ Nice"},"content":{"rendered":"\t\t<div data-elementor-type=\"wp-post\" data-elementor-id=\"7\" class=\"elementor elementor-7\" data-elementor-post-type=\"page\">\n\t\t\t\t<div class=\"elementor-element elementor-element-df6367e e-flex e-con-boxed e-con e-parent\" data-id=\"df6367e\" data-element_type=\"container\">\n\t\t\t\t\t<div class=\"e-con-inner\">\n\t\t\t\t<div class=\"elementor-element elementor-element-d263576 elementor-widget elementor-widget-off-canvas\" data-id=\"d263576\" data-element_type=\"widget\" data-settings=\"{&quot;entrance_animation&quot;:&quot;slideInRight&quot;,&quot;exit_animation&quot;:&quot;slideInRight&quot;,&quot;prevent_scroll&quot;:&quot;yes&quot;}\" data-widget_type=\"off-canvas.default\">\n\t\t\t\t<div class=\"elementor-widget-container\">\n\t\t\t\t\t\t\t<div id=\"off-canvas-d263576\" class=\"e-off-canvas\" role=\"dialog\" aria-hidden=\"true\" aria-label=\"Expertises\" aria-modal=\"true\" inert=\"\" data-delay-child-handlers=\"true\">\n\t\t\t<div class=\"e-off-canvas__overlay\"><\/div>\n\t\t\t<div class=\"e-off-canvas__main\">\n\t\t\t\t<div class=\"e-off-canvas__content\">\n\t\t\t\t\t<div class=\"elementor-element elementor-element-932cfef e-con-full animated-slow e-flex elementor-invisible e-con e-child\" data-id=\"932cfef\" data-element_type=\"container\" data-settings=\"{&quot;animation&quot;:&quot;fadeIn&quot;}\">\n\t\t\t\t<div class=\"elementor-element elementor-element-f4334dc animated-slow elementor-widget elementor-widget-image\" data-id=\"f4334dc\" data-element_type=\"widget\" data-settings=\"{&quot;_animation&quot;:&quot;none&quot;}\" data-widget_type=\"image.default\">\n\t\t\t\t<div class=\"elementor-widget-container\">\n\t\t\t\t\t\t\t\t\t\t\t\t\t\t\t<img decoding=\"async\" src=\"https:\/\/keys-studio.com\/wp-content\/uploads\/2024\/12\/KS.svg\" title=\"KS\" alt=\"Agence [KS]\" loading=\"lazy\" \/>\t\t\t\t\t\t\t\t\t\t\t\t\t\t\t<\/div>\n\t\t\t\t<\/div>\n\t\t\t\t<div class=\"elementor-element elementor-element-d68291c elementor-widget elementor-widget-heading\" data-id=\"d68291c\" data-element_type=\"widget\" data-widget_type=\"heading.default\">\n\t\t\t\t<div class=\"elementor-widget-container\">\n\t\t\t\t\t<h2 class=\"elementor-heading-title elementor-size-default\">Nos expertises<\/h2>\t\t\t\t<\/div>\n\t\t\t\t<\/div>\n\t\t\t\t<div class=\"elementor-element elementor-element-20a3e96 elementor-widget elementor-widget-text-editor\" data-id=\"20a3e96\" data-element_type=\"widget\" data-widget_type=\"text-editor.default\">\n\t\t\t\t<div class=\"elementor-widget-container\">\n\t\t\t\t\t\t\t\t\t<p><strong>Branding<\/strong> (identit\u00e9 de marque) et r<strong>ebranding<\/strong> (Refonte d&#8217;identit\u00e9 de marque), s<strong>trat\u00e9gie de marque<\/strong>, p<strong>ackaging<\/strong>, c<strong>ampagnes print<\/strong> (<strong>Brochures<\/strong>, tractages, affichages urbains&#8230;) <strong>et digital<\/strong> (campagne <strong>emailing<\/strong>, <strong>r\u00e9seaux sociaux<\/strong>&#8230;), visuels 3D et <strong>perspectives<\/strong> (visuels 3D pour l&#8217;architecture et <strong>l&#8217;immobilier VEFA<\/strong>), <strong>sites internet<\/strong>, a<strong>pplications<\/strong>, ainsi que tout l&#8217;univers <strong>digital&#8230;<\/strong><\/p>\t\t\t\t\t\t\t\t<\/div>\n\t\t\t\t<\/div>\n\t\t\t\t<div class=\"elementor-element elementor-element-32e1d85 elementor-widget elementor-widget-heading\" data-id=\"32e1d85\" data-element_type=\"widget\" data-widget_type=\"heading.default\">\n\t\t\t\t<div class=\"elementor-widget-container\">\n\t\t\t\t\t<h2 class=\"elementor-heading-title elementor-size-default\">Et vous, quel est votre d\u00e9fi ?<\/h2>\t\t\t\t<\/div>\n\t\t\t\t<\/div>\n\t\t\t\t<div class=\"elementor-element elementor-element-529191e elementor-align-center elementor-widget elementor-widget-button\" data-id=\"529191e\" data-element_type=\"widget\" data-widget_type=\"button.default\">\n\t\t\t\t<div class=\"elementor-widget-container\">\n\t\t\t\t\t\t\t\t\t<div class=\"elementor-button-wrapper\">\n\t\t\t\t\t<a class=\"elementor-button elementor-button-link elementor-size-sm\" href=\"#form\">\n\t\t\t\t\t\t<span class=\"elementor-button-content-wrapper\">\n\t\t\t\t\t\t\t\t\t<span class=\"elementor-button-text\">Discutons-en ensemble !<\/span>\n\t\t\t\t\t<\/span>\n\t\t\t\t\t<\/a>\n\t\t\t\t<\/div>\n\t\t\t\t\t\t\t\t<\/div>\n\t\t\t\t<\/div>\n\t\t\t\t<\/div>\n\t\t\t\t\t\t<\/div>\n\t\t\t<\/div>\n\t\t<\/div>\n\t\t\t\t\t\t<\/div>\n\t\t\t\t<\/div>\n\t\t\t\t\t<\/div>\n\t\t\t\t<\/div>\n\t\t<div class=\"elementor-element elementor-element-753bbfc e-con-full animated-slow e-flex elementor-invisible e-con e-parent\" data-id=\"753bbfc\" data-element_type=\"container\" data-settings=\"{&quot;animation&quot;:&quot;fadeIn&quot;}\">\n\t\t\t\t<div class=\"elementor-element elementor-element-940239a elementor-view-default elementor-widget elementor-widget-icon\" data-id=\"940239a\" data-element_type=\"widget\" data-widget_type=\"icon.default\">\n\t\t\t\t<div class=\"elementor-widget-container\">\n\t\t\t\t\t\t\t<div class=\"elementor-icon-wrapper\">\n\t\t\t<a class=\"elementor-icon elementor-animation-grow\" href=\"#elementor-action%3Aaction%3Doff_canvas%3Aopen%26settings%3DeyJpZCI6ImQyNjM1NzYiLCJkaXNwbGF5TW9kZSI6Im9wZW4ifQ%3D%3D\">\n\t\t\t<svg xmlns=\"http:\/\/www.w3.org\/2000\/svg\" xmlns:xlink=\"http:\/\/www.w3.org\/1999\/xlink\" id=\"Calque_1\" viewBox=\"0 0 56.7 38.3\"><defs><style>      .st0 {        fill: none;      }      .st1 {        clip-path: url(#clippath-10);      }      .st2 {        clip-path: url(#clippath-1);      }      .st3 {        clip-path: url(#clippath-3);      }      .st4 {        clip-path: url(#clippath-4);      }      .st5 {        clip-path: url(#clippath-2);      }      .st6 {        clip-path: url(#clippath-7);      }      .st7 {        clip-path: url(#clippath-6);      }      .st8 {        clip-path: url(#clippath-9);      }      .st9 {        clip-path: url(#clippath-8);      }      .st10 {        clip-path: url(#clippath-5);      }      .st11 {        clip-path: url(#clippath);      }    <\/style><clipPath id=\"clippath\"><rect class=\"st0\" width=\"56.7\" height=\"38.3\"><\/rect><\/clipPath><clipPath id=\"clippath-1\"><rect class=\"st0\" width=\"56.7\" height=\"38.3\"><\/rect><\/clipPath><clipPath id=\"clippath-2\"><rect class=\"st0\" width=\"56.7\" height=\"38.3\"><\/rect><\/clipPath><clipPath id=\"clippath-3\"><rect class=\"st0\" width=\"56.7\" height=\"38.3\"><\/rect><\/clipPath><clipPath id=\"clippath-4\"><rect class=\"st0\" width=\"56.7\" height=\"38.3\"><\/rect><\/clipPath><clipPath id=\"clippath-5\"><rect class=\"st0\" width=\"56.7\" height=\"38.3\"><\/rect><\/clipPath><clipPath id=\"clippath-6\"><rect class=\"st0\" width=\"56.7\" height=\"38.3\"><\/rect><\/clipPath><clipPath id=\"clippath-7\"><rect class=\"st0\" width=\"56.7\" height=\"38.3\"><\/rect><\/clipPath><clipPath id=\"clippath-8\"><rect class=\"st0\" width=\"56.7\" height=\"38.3\"><\/rect><\/clipPath><clipPath id=\"clippath-9\"><rect class=\"st0\" width=\"56.7\" height=\"38.3\"><\/rect><\/clipPath><clipPath id=\"clippath-10\"><rect class=\"st0\" width=\"56.7\" height=\"38.3\"><\/rect><\/clipPath><\/defs><g class=\"st11\"><polyline points=\"43 22.9 49 22.9 49 22.9 43 22.9 43 22.9\"><\/polyline><\/g><polygon points=\"22.1 30.2 22.1 30.2 28.3 30.2 28.3 30.2 22.1 30.2\"><\/polygon><rect y=\"30.2\" width=\"1\" height=\"0\"><\/rect><rect y=\"22.9\" width=\"1\" height=\"0\"><\/rect><polygon points=\"10.4 22.9 7.6 22.9 7.6 22.9 10.4 22.9 13.7 22.9 13.7 22.9 10.4 22.9\"><\/polygon><rect x=\"55.7\" y=\"22.9\" width=\"1\" height=\"0\"><\/rect><rect x=\"17\" y=\"22.9\" width=\"6.2\" height=\"0\" transform=\"translate(-10.3 20.9) rotate(-45)\"><\/rect><g class=\"st2\"><path d=\"M33.8,30.2h12.3s0,0,0,0h-12.3s0,0,0,0\"><\/path><\/g><rect x=\"7.6\" y=\"30.2\" width=\"5.2\" height=\"0\"><\/rect><rect x=\"55.7\" y=\"30.2\" width=\"1\" height=\"0\"><\/rect><polygon points=\"0 30.2 1 30.2 1 27.9 0 26.9 0 30.2\"><\/polygon><polygon points=\"7.6 22.9 7.6 25.7 10.4 22.9 7.6 22.9\"><\/polygon><polygon points=\"0 22.9 0 26.9 1 27.9 1 22.9 0 22.9\"><\/polygon><polygon points=\"7.6 20.1 7.6 22.9 10.4 22.9 7.6 20.1\"><\/polygon><polygon points=\"0 18.9 0 22.9 1 22.9 1 17.9 0 18.9\"><\/polygon><polygon points=\"12.8 25.4 10.4 22.9 7.6 25.7 7.6 30.2 12.8 30.2 12.8 25.4\"><\/polygon><polygon points=\"20.2 27.5 22.1 30.2 28.3 30.2 23.8 23.9 20.2 27.5\"><\/polygon><polygon points=\"23.1 22.9 17 22.9 20.2 27.5 23.8 23.9 23.1 22.9\"><\/polygon><polygon points=\"13.7 22.9 10.4 22.9 12.8 25.4 12.8 23.9 13.7 22.9\"><\/polygon><polygon points=\"17 22.9 23.1 22.9 19.1 17.3 19.1 17.2 17.6 15.7 10.4 22.9 13.7 22.9 15.6 21 17 22.9\"><\/polygon><polygon points=\"17.6 15.7 14.6 15.7 12.8 17.6 12.8 15.7 7.6 15.7 7.6 20.1 10.4 22.9 17.6 15.7\"><\/polygon><polygon points=\"10.4 8.4 7.6 11.2 7.6 15.7 12.8 15.7 12.8 10.9 10.4 8.4\"><\/polygon><polygon points=\"14.6 15.7 17.6 15.7 16 14.1 14.6 15.7\"><\/polygon><polygon points=\"24.7 8.4 21.1 8.4 16 14.1 17.6 15.7 24.8 8.4 24.7 8.4\"><\/polygon><polygon points=\"10.4 8.4 12.8 10.9 12.8 8.4 10.4 8.4\"><\/polygon><polygon points=\"12.8 8.4 12.8 6.9 11.9 6.9 10.4 8.4 12.8 8.4\"><\/polygon><polygon points=\"21.1 8.4 24.7 8.4 23.2 6.9 22.4 6.9 21.1 8.4\"><\/polygon><polygon points=\"20.6 15.7 17.6 15.7 19.1 17.2 20.6 15.7\"><\/polygon><g class=\"st5\"><path d=\"M31.9,15.7h-.5c0,.1,0,.3,0,.4l.4-.4h0Z\"><\/path><path d=\"M31.4,15.1c0,.2,0,.4,0,.6h.5l-.6-.6Z\"><\/path><\/g><polygon points=\"26.1 9.7 24.8 8.4 24.8 8.4 17.6 15.7 20.6 15.7 26.1 9.7\"><\/polygon><g class=\"st3\"><path d=\"M30.3,27.8c.7.7,1.5,1.2,2.2,1.7l3.6-3.6c-1-.5-1.9-1.1-2.8-1.9l-3.1,3.8Z\"><\/path><path d=\"M37.1,20.9l-5.2-5.2h0s-.4.4-.4.4c.7,2.6,2.7,3.9,5.6,4.8\"><\/path><path d=\"M42.7,26.5c-.6.3-1.3.4-2.2.4-1.6,0-3-.4-4.3-1.1l-3.6,3.6c.4.2.8.5,1.2.7h12.3s0,0,.1,0l-3.5-3.6Z\"><\/path><\/g><polygon points=\"0 15.7 0 18.9 1 17.9 1 15.7 0 15.7\"><\/polygon><polygon points=\"0 15.7 1 15.7 1 13.4 0 12.4 0 15.7\"><\/polygon><polygon points=\"2.1 0 2.9 .8 3.6 .8 4.4 0 2.1 0\"><\/polygon><polygon points=\"11.9 6.9 8.9 6.9 10.4 8.4 11.9 6.9\"><\/polygon><polygon points=\"4.4 0 3.6 .8 11.7 .8 11.7 0 4.4 0\"><\/polygon><polygon points=\"0 4.4 1 3.4 1 1.1 0 1.1 0 4.4\"><\/polygon><polygon points=\"0 0 0 1.1 1 1.1 1 .8 2.9 .8 2.1 0 0 0\"><\/polygon><polygon points=\"0 8.4 0 12.4 1 13.4 1 8.4 0 8.4\"><\/polygon><polygon points=\"7.6 8.4 7.6 11.2 10.4 8.4 7.6 8.4\"><\/polygon><polygon points=\"8.9 6.9 7.6 6.9 7.6 8.4 10.4 8.4 8.9 6.9\"><\/polygon><polygon points=\"0 4.4 0 8.4 1 8.4 1 3.4 0 4.4\"><\/polygon><polygon points=\"55.7 30.2 56.7 30.2 56.7 26.2 55.7 25.2 55.7 30.2\"><\/polygon><g class=\"st4\"><path d=\"M43.9,24.6h0c0,.9-.4,1.5-1.2,1.9l3.5,3.6c1.8-1.3,2.9-3.3,2.9-6h0c0-.5,0-.9,0-1.2h-6c.7.5.9,1,.9,1.7\"><\/path><polyline points=\"42.7 26.5 46.2 30.1 46.2 30.1 42.7 26.5 42.7 26.5\"><\/polyline><path d=\"M44.3,17.6l-4.1,4.2c1.3.4,2.2.8,2.8,1.1h6c-.4-2.6-2-4.2-4.6-5.3\"><\/path><path d=\"M37.1,20.9c.6.2,1.3.4,2,.6.4.1.8.2,1.1.3l4.1-4.2c-.8-.3-1.8-.6-2.8-.9-1.5-.4-2.6-.7-3.4-1h-6.3l5.2,5.2Z\"><\/path><polygon points=\"37.1 20.9 37.1 20.9 31.9 15.7 31.9 15.7 37.1 20.9\"><\/polygon><path d=\"M31.9,15.7h0s6.3,0,6.3,0c-1.3-.6-1.8-1.2-1.8-2.2h0c0-1.3,1-2.2,3-2.2s2.1.2,3.1.7l-3.5-3.6-7.2,7.3Z\"><\/path><\/g><polygon points=\"31.9 15.7 31.9 15.7 31.9 15.7 31.9 15.7\"><\/polygon><g class=\"st10\"><path d=\"M31.3,13.9h0c0,.5,0,.8,0,1.2l.6.6h0s7.2-7.3,7.2-7.3h-5.3c-1.6,1.3-2.5,3.2-2.5,5.5\"><\/path><\/g><polygon points=\"26.1 9.7 27.3 8.4 24.8 8.4 26.1 9.7\"><\/polygon><polygon points=\"31.9 15.7 31.9 15.7 31.9 15.7 31.9 15.7\"><\/polygon><polygon points=\"24.8 8.4 24.8 8.4 26.1 9.7 26.1 9.7 24.8 8.4\"><\/polygon><g class=\"st7\"><polygon points=\"31.9 15.7 31.9 15.7 31.4 15.1 31.4 15.1 31.9 15.7\"><\/polygon><\/g><rect x=\"31.9\" y=\"15.7\" width=\"0\" height=\"0\" transform=\"translate(-1.7 27.2) rotate(-45)\"><\/rect><g class=\"st6\"><path d=\"M37.4,6.7c-1.4.3-2.7.9-3.7,1.7h5.3l-1.7-1.7Z\"><\/path><\/g><polygon points=\"24.8 8.4 27.3 8.4 28.7 6.9 26.3 6.9 24.8 8.4 24.8 8.4\"><\/polygon><polygon points=\"24.8 8.4 24.8 8.4 24.8 8.4 24.8 8.4\"><\/polygon><polygon points=\"24.8 8.4 26.3 6.9 23.2 6.9 24.8 8.4 24.8 8.4\"><\/polygon><polygon points=\"24.7 8.4 24.8 8.4 24.8 8.4 24.7 8.4\"><\/polygon><rect x=\"24\" y=\"6.6\" width=\"0\" height=\"2.2\" transform=\"translate(1.6 19.1) rotate(-44.7)\"><\/rect><rect x=\"24.8\" y=\"8.4\" width=\"0\" height=\"0\" transform=\"translate(1.3 20) rotate(-45)\"><\/rect><g class=\"st9\"><path d=\"M40.9,6.6c-.4,0-.9,0-1.3,0-.7,0-1.4,0-2.1.2l1.7,1.7,1.8-1.8Z\"><\/path><\/g><polygon points=\"45 0 45 .8 45.9 .8 45.2 0 45 0\"><\/polygon><g class=\"st8\"><path d=\"M42.6,12c1,.4,2,1,3,1.7l2.7-4.1c-.6-.5-1.1-.9-1.7-1.2h-7.5l3.5,3.6Z\"><\/path><path d=\"M46.6,8.4c-1.7-1-3.6-1.6-5.7-1.8l-1.8,1.8h7.5Z\"><\/path><\/g><polygon points=\"55.7 15.7 55.7 20.6 56.7 19.7 56.7 15.7 55.7 15.7\"><\/polygon><polygon points=\"55.7 15.7 56.7 15.7 56.7 11.7 55.7 10.7 55.7 15.7\"><\/polygon><polygon points=\"55.7 22.9 55.7 25.2 56.7 26.2 56.7 22.9 55.7 22.9\"><\/polygon><polygon points=\"55.7 20.6 55.7 22.9 56.7 22.9 56.7 19.7 55.7 20.6\"><\/polygon><polygon points=\"55.7 8.4 55.7 10.7 56.7 11.7 56.7 8.4 55.7 8.4\"><\/polygon><polygon points=\"55.7 6.1 55.7 8.4 56.7 8.4 56.7 5.1 55.7 6.1\"><\/polygon><polygon points=\"55.7 1.1 55.7 6.1 56.7 5.1 56.7 1.1 55.7 1.1\"><\/polygon><polygon points=\"47.4 0 46.6 .8 55.7 .8 55.7 1.1 56.7 1.1 56.7 0 47.4 0\"><\/polygon><polygon points=\"45.2 0 45.9 .8 46.6 .8 47.4 0 45.2 0\"><\/polygon><polygon points=\"10.4 37.5 9.6 38.3 11.2 38.3 10.4 37.5 10.4 37.5\"><\/polygon><polygon points=\"0 37.5 0 38.3 9.6 38.3 10.4 37.5 1 37.5 1 37.5 0 37.5\"><\/polygon><polygon points=\"0 33.5 0 37.5 1 37.5 1 32.5 0 33.5\"><\/polygon><polygon points=\"0 30.2 0 33.5 1 32.5 1 30.2 0 30.2\"><\/polygon><rect x=\"7.6\" y=\"30.2\" width=\"5.2\" height=\"1.2\"><\/rect><polygon points=\"10.4 37.5 11.2 38.3 11.7 38.3 11.7 37.5 10.4 37.5\"><\/polygon><polygon points=\"22.9 31.4 29.2 31.4 28.3 30.2 22.1 30.2 22.9 31.4\"><\/polygon><g class=\"st1\"><path d=\"M40.4,31.8c2.3,0,4.2-.5,5.7-1.6h-12.3c2.1,1,4.3,1.6,6.6,1.6\"><\/path><\/g><polygon points=\"45 37.5 45 38.3 52.7 38.3 53.4 37.5 45 37.5\"><\/polygon><polygon points=\"53.4 37.5 52.7 38.3 54.2 38.3 53.5 37.5 53.4 37.5\"><\/polygon><polygon points=\"55.7 37.5 55.7 37.5 53.5 37.5 54.2 38.3 56.7 38.3 56.7 37.5 55.7 37.5\"><\/polygon><polygon points=\"55.7 35.2 55.7 37.5 56.7 37.5 56.7 34.2 55.7 35.2\"><\/polygon><polygon points=\"55.7 30.2 55.7 35.2 56.7 34.2 56.7 30.2 55.7 30.2\"><\/polygon><polygon points=\"39.1 22.9 39.1 22.9 39.1 22.9 39.1 22.9\"><\/polygon><polygon points=\"39.1 22.9 39.1 22.9 39.1 22.9 39.1 22.9\"><\/polygon><rect x=\"39.1\" y=\"22.9\" width=\"0\" height=\"0\" transform=\"translate(-6.1 19.9) rotate(-26.6)\"><\/rect><rect x=\"17.6\" y=\"1.1\" width=\"0\" height=\"0\" transform=\"translate(4.3 12.8) rotate(-45)\"><\/rect><polygon points=\"10.4 37.5 10.4 37.5 10.4 37.5 10.4 37.5\"><\/polygon><polygon points=\"53.4 37.5 53.5 37.5 53.5 37.5 53.4 37.5\"><\/polygon><\/svg>\t\t\t<\/a>\n\t\t<\/div>\n\t\t\t\t\t\t<\/div>\n\t\t\t\t<\/div>\n\t\t\t\t<\/div>\n\t\t<div class=\"elementor-element elementor-element-e36153f e-con-full animated-slow e-flex elementor-invisible e-con e-parent\" data-id=\"e36153f\" data-element_type=\"container\" data-settings=\"{&quot;animation&quot;:&quot;fadeIn&quot;}\">\n\t\t\t\t<div class=\"elementor-element elementor-element-f60483e elementor-view-default elementor-position-top elementor-mobile-position-top elementor-widget elementor-widget-icon-box\" data-id=\"f60483e\" data-element_type=\"widget\" data-widget_type=\"icon-box.default\">\n\t\t\t\t<div class=\"elementor-widget-container\">\n\t\t\t\t\t\t\t<div class=\"elementor-icon-box-wrapper\">\n\n\t\t\t\t\t\t<div class=\"elementor-icon-box-icon\">\n\t\t\t\t<a href=\"#form\" class=\"elementor-icon elementor-animation-sink\" tabindex=\"-1\">\n\t\t\t\t<svg aria-hidden=\"true\" class=\"e-font-icon-svg e-fas-arrow-down\" viewBox=\"0 0 448 512\" xmlns=\"http:\/\/www.w3.org\/2000\/svg\"><path d=\"M413.1 222.5l22.2 22.2c9.4 9.4 9.4 24.6 0 33.9L241 473c-9.4 9.4-24.6 9.4-33.9 0L12.7 278.6c-9.4-9.4-9.4-24.6 0-33.9l22.2-22.2c9.5-9.5 25-9.3 34.3.4L184 343.4V56c0-13.3 10.7-24 24-24h32c13.3 0 24 10.7 24 24v287.4l114.8-120.5c9.3-9.8 24.8-10 34.3-.4z\"><\/path><\/svg>\t\t\t\t<\/a>\n\t\t\t<\/div>\n\t\t\t\n\t\t\t\t\t\t<div class=\"elementor-icon-box-content\">\n\n\t\t\t\t\t\t\t\t\t<h3 class=\"elementor-icon-box-title\">\n\t\t\t\t\t\t<a href=\"#form\" >\n\t\t\t\t\t\t\tContact\t\t\t\t\t\t<\/a>\n\t\t\t\t\t<\/h3>\n\t\t\t\t\n\t\t\t\t\n\t\t\t<\/div>\n\t\t\t\n\t\t<\/div>\n\t\t\t\t\t\t<\/div>\n\t\t\t\t<\/div>\n\t\t\t\t<\/div>\n\t\t<div class=\"elementor-element elementor-element-f1ff020 e-con-full animated-slow e-flex elementor-invisible e-con e-parent\" data-id=\"f1ff020\" data-element_type=\"container\" data-settings=\"{&quot;background_background&quot;:&quot;classic&quot;,&quot;animation&quot;:&quot;fadeIn&quot;}\">\n\t\t<div class=\"elementor-element elementor-element-10fd7d2 e-flex e-con-boxed e-con e-child\" data-id=\"10fd7d2\" data-element_type=\"container\" form=\"\">\n\t\t\t\t\t<div class=\"e-con-inner\">\n\t\t\t\t<div class=\"elementor-element elementor-element-2581dac elementor-widget elementor-widget-heading\" data-id=\"2581dac\" data-element_type=\"widget\" data-widget_type=\"heading.default\">\n\t\t\t\t<div class=\"elementor-widget-container\">\n\t\t\t\t\t<h2 class=\"elementor-heading-title elementor-size-default\">Contactez-nous pour imaginer ensemble vos futurs projets<\/h2>\t\t\t\t<\/div>\n\t\t\t\t<\/div>\n\t\t\t\t<div class=\"elementor-element elementor-element-a38337d elementor-button-align-stretch elementor-widget elementor-widget-form\" data-id=\"a38337d\" data-element_type=\"widget\" id=\"form\" data-settings=\"{&quot;step_next_label&quot;:&quot;Next&quot;,&quot;step_previous_label&quot;:&quot;Previous&quot;,&quot;button_width&quot;:&quot;100&quot;,&quot;step_type&quot;:&quot;number_text&quot;,&quot;step_icon_shape&quot;:&quot;circle&quot;}\" form=\"\" data-widget_type=\"form.default\">\n\t\t\t\t<div class=\"elementor-widget-container\">\n\t\t\t\t\t\t\t<form class=\"elementor-form\" method=\"post\" id=\"form\" name=\"Contact Form\">\n\t\t\t<input type=\"hidden\" name=\"post_id\" value=\"7\"\/>\n\t\t\t<input type=\"hidden\" name=\"form_id\" value=\"a38337d\"\/>\n\t\t\t<input type=\"hidden\" name=\"referer_title\" value=\"\" \/>\n\n\t\t\t\t\t\t\t<input type=\"hidden\" name=\"queried_id\" value=\"7\"\/>\n\t\t\t\n\t\t\t<div class=\"elementor-form-fields-wrapper elementor-labels-\">\n\t\t\t\t\t\t\t\t<div class=\"elementor-field-type-text elementor-field-group elementor-column elementor-field-group-name elementor-col-50 elementor-field-required\">\n\t\t\t\t\t\t\t\t\t\t\t\t<label for=\"form-field-name\" class=\"elementor-field-label elementor-screen-only\">\n\t\t\t\t\t\t\t\tNom\t\t\t\t\t\t\t<\/label>\n\t\t\t\t\t\t\t\t\t\t\t\t\t\t<input size=\"1\" type=\"text\" name=\"form_fields[name]\" id=\"form-field-name\" class=\"elementor-field elementor-size-sm  elementor-field-textual\" placeholder=\"Nom\" required=\"required\" aria-required=\"true\">\n\t\t\t\t\t\t\t\t\t\t\t<\/div>\n\t\t\t\t\t\t\t\t<div class=\"elementor-field-type-text elementor-field-group elementor-column elementor-field-group-field_696dc72 elementor-col-50 elementor-field-required\">\n\t\t\t\t\t\t\t\t\t\t\t\t<label for=\"form-field-field_696dc72\" class=\"elementor-field-label elementor-screen-only\">\n\t\t\t\t\t\t\t\tPr\u00e9nom\t\t\t\t\t\t\t<\/label>\n\t\t\t\t\t\t\t\t\t\t\t\t\t\t<input size=\"1\" type=\"text\" name=\"form_fields[field_696dc72]\" id=\"form-field-field_696dc72\" class=\"elementor-field elementor-size-sm  elementor-field-textual\" placeholder=\"Pr\u00e9nom\" required=\"required\" aria-required=\"true\">\n\t\t\t\t\t\t\t\t\t\t\t<\/div>\n\t\t\t\t\t\t\t\t<div class=\"elementor-field-type-email elementor-field-group elementor-column elementor-field-group-email elementor-col-50 elementor-field-required\">\n\t\t\t\t\t\t\t\t\t\t\t\t<label for=\"form-field-email\" class=\"elementor-field-label elementor-screen-only\">\n\t\t\t\t\t\t\t\tAdresse email\t\t\t\t\t\t\t<\/label>\n\t\t\t\t\t\t\t\t\t\t\t\t\t\t<input size=\"1\" type=\"email\" name=\"form_fields[email]\" id=\"form-field-email\" class=\"elementor-field elementor-size-sm  elementor-field-textual\" placeholder=\"Adresse email\" required=\"required\" aria-required=\"true\">\n\t\t\t\t\t\t\t\t\t\t\t<\/div>\n\t\t\t\t\t\t\t\t<div class=\"elementor-field-type-tel elementor-field-group elementor-column elementor-field-group-field_826444e elementor-col-50 elementor-field-required\">\n\t\t\t\t\t\t\t\t\t\t\t\t<label for=\"form-field-field_826444e\" class=\"elementor-field-label elementor-screen-only\">\n\t\t\t\t\t\t\t\tT\u00e9l\u00e9phone\t\t\t\t\t\t\t<\/label>\n\t\t\t\t\t\t\t\t<input size=\"1\" type=\"tel\" name=\"form_fields[field_826444e]\" id=\"form-field-field_826444e\" class=\"elementor-field elementor-size-sm  elementor-field-textual\" placeholder=\"T\u00e9l\u00e9phone\" required=\"required\" aria-required=\"true\" pattern=\"[0-9()#&amp;+*-=.]+\" title=\"Only numbers and phone characters (#, -, *, etc) are accepted.\">\n\n\t\t\t\t\t\t<\/div>\n\t\t\t\t\t\t\t\t<div class=\"elementor-field-type-textarea elementor-field-group elementor-column elementor-field-group-message elementor-col-100\">\n\t\t\t\t\t\t\t\t\t\t\t\t<label for=\"form-field-message\" class=\"elementor-field-label elementor-screen-only\">\n\t\t\t\t\t\t\t\tVotre projet\t\t\t\t\t\t\t<\/label>\n\t\t\t\t\t\t<textarea class=\"elementor-field-textual elementor-field  elementor-size-sm\" name=\"form_fields[message]\" id=\"form-field-message\" rows=\"4\" placeholder=\"Votre projet\"><\/textarea>\t\t\t\t<\/div>\n\t\t\t\t\t\t\t\t<div class=\"elementor-field-type-acceptance elementor-field-group elementor-column elementor-field-group-field_f72077e elementor-col-100 elementor-field-required\">\n\t\t\t\t\t\t\t\t\t\t\t\t<label for=\"form-field-field_f72077e\" class=\"elementor-field-label elementor-screen-only\">\n\t\t\t\t\t\t\t\tRGPD\t\t\t\t\t\t\t<\/label>\n\t\t\t\t\t\t\t\t<div class=\"elementor-field-subgroup\">\n\t\t\t<span class=\"elementor-field-option\">\n\t\t\t\t<input type=\"checkbox\" name=\"form_fields[field_f72077e]\" id=\"form-field-field_f72077e\" class=\"elementor-field elementor-size-sm  elementor-acceptance-field\" required=\"required\" aria-required=\"true\" checked=\"checked\">\n\t\t\t\t<label for=\"form-field-field_f72077e\">En soumettant ce formulaire, vous consentez au traitement de vos donn\u00e9es personnelles conform\u00e9ment \u00e0 notre politique de confidentialit\u00e9. Vos informations seront utilis\u00e9es uniquement pour r\u00e9pondre \u00e0 votre demande et ne seront pas partag\u00e9es avec des tiers. Vous pouvez demander l'acc\u00e8s, la modification ou la suppression de vos donn\u00e9es \u00e0 tout moment en nous contactant.<\/label>\t\t\t<\/span>\n\t\t<\/div>\n\t\t\t\t\t\t<\/div>\n\t\t\t\t\t\t\t\t<div class=\"elementor-field-group elementor-column elementor-field-type-submit elementor-col-100 e-form__buttons\">\n\t\t\t\t\t<button class=\"elementor-button elementor-size-sm\" type=\"submit\">\n\t\t\t\t\t\t<span class=\"elementor-button-content-wrapper\">\n\t\t\t\t\t\t\t\t\t\t\t\t\t\t\t\t\t\t\t\t\t\t<span class=\"elementor-button-text\">Je souhaite \u00eatre rappel\u00e9 !<\/span>\n\t\t\t\t\t\t\t\t\t\t\t\t\t<\/span>\n\t\t\t\t\t<\/button>\n\t\t\t\t<\/div>\n\t\t\t<\/div>\n\t\t<\/form>\n\t\t\t\t\t\t<\/div>\n\t\t\t\t<\/div>\n\t\t\t\t\t<\/div>\n\t\t\t\t<\/div>\n\t\t\t\t<\/div>\n\t\t<div class=\"elementor-element elementor-element-d2a7d50 e-con-full animated-slow e-flex elementor-invisible e-con e-parent\" data-id=\"d2a7d50\" data-element_type=\"container\" data-settings=\"{&quot;animation&quot;:&quot;fadeIn&quot;}\">\n\t\t\t\t<div class=\"elementor-element elementor-element-4c361f2 elementor-widget elementor-widget-heading\" data-id=\"4c361f2\" data-element_type=\"widget\" data-widget_type=\"heading.default\">\n\t\t\t\t<div class=\"elementor-widget-container\">\n\t\t\t\t\t<h2 class=\"elementor-heading-title elementor-size-default\">Agence [KS] - Communication 360 Confidentielle - Paris \/ Nice<\/h2>\t\t\t\t<\/div>\n\t\t\t\t<\/div>\n\t\t\t\t<\/div>\n\t\t\t\t<\/div>\n\t\t","protected":false},"excerpt":{"rendered":"<p>Nos expertises Branding (identit\u00e9 de marque) et rebranding (Refonte d&#8217;identit\u00e9 de marque), strat\u00e9gie de marque, packaging, campagnes print (Brochures, tractages, affichages urbains&#8230;) et digital (campagne emailing, r\u00e9seaux sociaux&#8230;), visuels 3D et perspectives (visuels 3D pour l&#8217;architecture et l&#8217;immobilier VEFA), sites internet, applications, ainsi que tout l&#8217;univers digital&#8230; Et vous, quel est votre d\u00e9fi ? Discutons-en [&hellip;]<\/p>\n","protected":false},"author":1,"featured_media":0,"parent":0,"menu_order":0,"comment_status":"closed","ping_status":"closed","template":"elementor_header_footer","meta":{"footnotes":""},"class_list":["post-7","page","type-page","status-publish","hentry"],"_links":{"self":[{"href":"https:\/\/keys-studio.com\/index.php?rest_route=\/wp\/v2\/pages\/7","targetHints":{"allow":["GET"]}}],"collection":[{"href":"https:\/\/keys-studio.com\/index.php?rest_route=\/wp\/v2\/pages"}],"about":[{"href":"https:\/\/keys-studio.com\/index.php?rest_route=\/wp\/v2\/types\/page"}],"author":[{"embeddable":true,"href":"https:\/\/keys-studio.com\/index.php?rest_route=\/wp\/v2\/users\/1"}],"replies":[{"embeddable":true,"href":"https:\/\/keys-studio.com\/index.php?rest_route=%2Fwp%2Fv2%2Fcomments&post=7"}],"version-history":[{"count":70,"href":"https:\/\/keys-studio.com\/index.php?rest_route=\/wp\/v2\/pages\/7\/revisions"}],"predecessor-version":[{"id":120,"href":"https:\/\/keys-studio.com\/index.php?rest_route=\/wp\/v2\/pages\/7\/revisions\/120"}],"wp:attachment":[{"href":"https:\/\/keys-studio.com\/index.php?rest_route=%2Fwp%2Fv2%2Fmedia&parent=7"}],"curies":[{"name":"wp","href":"https:\/\/api.w.org\/{rel}","templated":true}]}}